y 22.
15
What is the remainder when 92 is divided by 19?
16
Calculate the remainder when 559 is divided by 18.
1
What is the remainder when 94 is divided by 73?
21
Calculate the remainder when 586 is divided by 12.
10
Calculate the remainder when 982 is divided by 8.
6
Calculate the remainder when 112 is divided by 48.
16
What is the remainder when 448 is divided by 9?
7
Calculate the remainder when 50 is divided by 13.
11
What is the remainder when 526 is divided by 85?
16
Calculate the remainder when 1076 is divided by 136.
124
Calculate the remainder when 898 is divided by 36.
34
What is the remainder when 150 is divided by 24?
6
What is the remainder when 102 is divided by 69?
33
What is the remainder when 492 is divided by 56?
44
Calculate the remainder when 4581 is divided by 1141.
17
Calculate the remainder when 72825 is divided by 252.
249
Calculate the remainder when 8380 is divided by 101.
98
Calculate the remainder when 926 is divided by 62.
58
Calculate the remainder when 601 is divided by 174.
79
Calculate the remainder when 4089 is divided by 93.
90
Calculate the remainder when 28 is divided by 10.
8
Calculate the remainder when 1381 is divided by 236.
201
What is the remainder when 1743 is divided by 23?
18
What is the remainder when 384 is divided by 68?
44
What is the remainder when 194 is divided by 175?
19
Calculate the remainder when 692 is divided by 674.
18
Calculate the remainder when 726 is divided by 57.
42
Calculate the remainder when 26206 is divided by 14.
12
What is the remainder when 223 is divided by 45?
43
What is the remainder when 1258 is divided by 67?
52
Calculate the remainder when 107 is divided by 24.
11
Calculate the remainder when 28 is divided by 17.
11
What is the remainder when 198 is divided by 13?
3
Calculate the remainder when 911 is divided by 102.
95
What is the remainder when 88 is divided by 13?
10
What is the remainder when 2718 is divided by 448?
30
Calculate the remainder when 208 is divided by 19.
18
Calculate the remainder when 1923 is divided by 61.
32
Calculate the remainder when 4180 is divided by 113.
112
Calculate the remainder when 735 is divided by 9.
6
What is the remainder when 459 is divided by 115?
114
What is the remainder when 57 is divided by 11?
2
What is the remainder when 66 is divided by 3?
0
Calculate the remainder when 1454 is divided by 15.
14
What is the remainder when 495 is divided by 28?
19
Calculate the remainder when 609 is divided by 41.
35
Calculate the remainder when 686 is divided by 43.
41
What is the remainder when 627 is divided by 209?
0
Calculate the remainder when 213 is divided by 42.
3
Calculate the remainder when 120 is divided by 31.
27
What is the remainder when 223 is divided by 98?
27
What is the remainder when 439 is divided by 89?
83
What is the remainder when 726 is divided by 56?
54
Calculate the remainder when 265 is divided by 76.
37
Calculate the remainder when 53 is divided by 21.
11
Calculate the remainder when 40 is divided by 17.
6
Calculate the remainder when 4136 is divided by 1378.
2
Calculate the remainder when 767 is divided by 192.
191
What is the remainder when 55 is divided by 22?
11
Calculate the remainder when 65 is divided by 47.
18
What is the remainder when 4801 is divided by 11?
5
What is the remainder when 216 is divided by 102?
12
What is the remainder when 233 is divided by 64?
41
What is the remainder when 3601 is divided by 37?
12
Calculate the remainder when 6449 is divided by 25.
24
What is the remainder when 158 is divided by 6?
2
What is the remainder when 4508 is divided by 110?
108
What is the remainder when 1369 is divided by 678?
13
Calculate the remainder when 1063 is divided by 97.
93
What is the remainder when 178 is divided by 5?
3
What is the remainder when 209 is divided by 32?
17
What is the remainder when 885 is divided by 23?
11
Calculate the remainder when 607 is divided by 7.
5
Calculate the remainder when 10359 is divided by 35.
34
What is the remainder when 1879 is divided by 18?
7
What is the remainder when 3052 is divided by 47?
44
Calculate the remainder when 302 is divided by 22.
16
Calculate the remainder when 71 is divided by 46.
25
What is the remainder when 314 is divided by 11?
6
What is the remainder when 12309 is divided by 6153?
3
What is the remainder when 10 is divided by 8?
2
Calculate the remainder when 65 is divided by 26.
13
Calculate the remainder when 123 is divided by 3.
0
Calculate the remainder when 93 is divided by 86.
7
What is the remainder when 255 is divided by 19?
8
What is the remainder when 111 is divided by 6?
3
What is the remainder when 1204 is divided by 180?
124
What is the remainder when 1675 is divided by 21?
16
Calculate the remainder when 2510 is divided by 34.
28
What is the remainder when 766 is divided by 71?
56
What is the remainder when 1245 is divided by 103?
9
Calculate the remainder when 247 is divided by 36.
31
Calculate the remainder when 183 is divided by 16.
7
What is the remainder when 13 is divided by 4?
1
Calculate the remainder when 47 is divided by 38.
9
Calculate the remainder when 1487 is divided by 175.
87
What is the remainder when 132 is divided by 38?
18
What is the remainder when 380 is divided by 120?
20
What is the remainder when 486 is divided by 5?
1
What is the remainder when 126 is divided by 19?
12
Calculate the remainder when 37 is divided by 18.
1
Calculate the remainder when 14287 is divided by 76.
75
Calculate the remainder when 242 is divided by 4.
2
What is the remainder when 149 is divided by 15?
14
What is the remainder when 2042 is divided by 128?
122
What is the remainder when 122 is divided by 22?
12
Calculate the remainder when 3216 is divided by 1069.
9
What is the remainder when 336 is divided by 20?
16
What is the remainder when 2375 is divided by 6?
5
Calculate the remainder when 400 is divided by 82.
72
What is the remainder when 60 is divided by 59?
1
Calculate the remainder when 1282 is divided by 328.
298
Calculate the remainder when 194 is divided by 67.
60
Calculate the remainder when 15714 is divided by 31.
28
What is the remainder when 933 is divided by 24?
21
What is the remainder when 527 is divided by 255?
17
What is the remainder when 303 is divided by 228?
75
What is the remainder when 907 is divided by 48?
43
What is the remainder when 64 is divided by 7?
1
Calculate the remainder when 20707 is divided by 190.
187
Calculate the remainder when 92 is divided by 35.
22
Calculate the remainder when 881 is divided by 219.
5
Calculate the remainder when 6287 is divided by 19.
17
What is the remainder when 128 is divided by 41?
5
Calculate the remainder when 46 is divided by 16.
14
What is the remainder when 26 is divided by 24?
2
Calculate the remainder when 135 is divided by 35.
30
What is the remainder when 116 is divided by 3?
2
Calculate the remainder when 10374 is divided by 3455.
9
Calculate the remainder when 171 is divided by 61.
49
Calculate the remainder when 185 is divided by 96.
89
What is the remainder when 102 is divided by 27?
21
Calculate the remainder when 3566 is divided by 223.
221
Calculate the remainder when 42 is divided by 11.
9
What is the remainder when 1187 is divided by 132?
131
What is the remainder when 7551 is divided by 16?
15
What is the remainder when 97 is divided by 51?
46
Calculate the remainder when 335 is divided by 319.
16
What is the remainder when 211 is divided by 189?
22
What is the remainder when 109 is divided by 53?
3
What is the remainder when 248 is divided by 61?
4
Calculate the remainder when 93 is divided by 19.
17
Calculate the remainder when 370 is divided by 76.
66
What is the remainder when 896 is divided by 13?
12
Calculate the remainder when 2940 is divided by 90.
60
Calculate the remainder when 549 is divided by 60.
9
What is the remainder when 688 is divided by 13?
12
What is the remainder when 204 is divided by 41?
40
Calculate the remainder when 359 is divided by 14.
9
Calculate the remainder when 81 is divided by 38.
5
Calculate the remainder when 54 is divided by 50.
4
What is the remainder when 4707 is divided by 17?
15
What is the remainder when 368 is divided by 51?
11
What is the remainder when 471 is divided by 17?
12
Calculate th